{"id":99,"date":"2019-03-27T09:49:01","date_gmt":"2019-03-27T09:49:01","guid":{"rendered":"https:\/\/tagiberico.org\/?page_id=99"},"modified":"2019-04-02T19:39:19","modified_gmt":"2019-04-02T19:39:19","slug":"llamada-sesiones","status":"publish","type":"page","link":"https:\/\/tagiberico.org\/?page_id=99","title":{"rendered":"Call for sessions TAGi18"},"content":{"rendered":"\n<h3 class=\"wp-block-heading\">[CERRADO &#8211; FECHADO]<\/h3>\n\n\n\n<p>Colegas,<\/p>\n\n\n\n<p>Aunque\na\u00fan queda mucho camino por delante hoy es un d\u00eda feliz para la teor\u00eda\narqueol\u00f3gica en Espa\u00f1a y Portugal. \u00bfPor qu\u00e9? Damos salida a una nueva aventura\nde la que esperamos que formes parte: El <strong>TAG\nIb\u00e9rico<\/strong>.<\/p>\n\n\n\n<p>Ahora\nque se cumplen cuarenta a\u00f1os de su nacimiento y que se ha ido extendiendo por\notras regiones del mundo, consideramos que ha llegado el momento de empezar.\nPor ello, convocamos la primera edici\u00f3n del TAG Ib\u00e9rico los d\u00edas <strong>1 al 4 de febrero de 2018<\/strong> en la ciudad\nde <strong>Carmona, Sevilla, Espa\u00f1a<\/strong>. Una\nciudad peque\u00f1a y acogedora, donde podremos disfrutar de un encuentro cercano en\nel que debatir teor\u00eda arqueol\u00f3gica sin cortapisas.<\/p>\n\n\n\n<p>La\nfilosof\u00eda de este encuentro es sencilla: <strong>debate\ny cercan\u00eda<\/strong>. Pero tiene tambi\u00e9n como objetivo acercar la teor\u00eda arqueol\u00f3gica\na j\u00f3venes que comienzan su carrera investigadora. Por ello, vamos a intentar\nfacilitar siempre en lo posible la asistencia del mayor n\u00famero de personas con\nprecios asequibles y una buena oferta de contenidos.<\/p>\n\n\n\n<p>Por\nello, esta primera misiva os anima a presentar <strong>propuestas de sesi\u00f3n<\/strong>.&nbsp; Habr\u00e1\nespacio para 6 sesiones, en las que esperamos fluidez y debate. Por ello, se\nestablecen las siguientes normas:<\/p>\n\n\n\n<p><strong>Tipo de sesi\u00f3n:<\/strong><\/p>\n\n\n\n<p><em>Mesa redonda<\/em>: Con entre 4 y 6\nparticipantes, m\u00e1s 1 relator.<\/p>\n\n\n\n<p>Cada participante tendr\u00e1\nuna posici\u00f3n de partida de 6 minutos sobre el tema general de la sesi\u00f3n.\nDespu\u00e9s, el relator har\u00e1 una sinopsis de lo dicho en otros 6 minutos que\norientar\u00e1 el debate posterior, en el que podr\u00e1 participar tambi\u00e9n la sala,\nsiempre con intervenciones de un m\u00e1ximo de 90 segundos.<\/p>\n\n\n\n<p><em>Sesi\u00f3n coloquio<\/em>: Con 4 participantes, m\u00e1s\n1 moderador.<\/p>\n\n\n\n<p>Sobre una tem\u00e1tica\nconcreta, se invitar\u00e1 a 4 personas que debatir\u00e1n durante 60 minutos. A partir\nde ese momento, se dar\u00e1 la palabra a la sala para participar del debate,\nsiempre con intervenciones de un m\u00e1ximo de 90 segundos.<\/p>\n\n\n\n<p><em>Sesi\u00f3n pre-circulada<\/em>:&nbsp; Con un m\u00ednimo de 5 participantes, sin l\u00edmite,\nm\u00e1s 1 relator.<\/p>\n\n\n\n<p>Cada participante deber\u00e1\npresentar un texto de 3.000 palabras que se proporcionar\u00e1 a todos los\nasistentes un mes antes del congreso. Durante la sesi\u00f3n, el relator har\u00e1 una\npresentaci\u00f3n de 15 minutos donde se pongan de manifiesto las principales l\u00edneas\npropuestas por los participantes y se pasar\u00e1 a una ronda de debate en el que\npodr\u00e1 participar toda la sala, siempre con intervenciones de un m\u00e1ximo de 2\nminutos.<\/p>\n\n\n\n<p>*Adem\u00e1s\ntenemos preparados otros eventos y sorpresas a lo largo de esos d\u00edas.<\/p>\n\n\n\n<p><strong>Propuesta:<\/strong><\/p>\n\n\n\n<p>La\npropuesta deber\u00e1 tener un m\u00e1ximo de <strong>300\npalabras<\/strong>, e incluir\u00e1 una lista de posibles personas con las que se haya\ncontactado de forma previa para participar que cubra, al menos, el 50% de la\nsesi\u00f3n. Se enviar\u00e1 en formato Word al correo electr\u00f3nico: <a href=\"mailto:tagiberico@gmail.com\">tagiberico@gmail.com<\/a> antes del <strong>6 de agosto de 2017<\/strong>. El comit\u00e9 cient\u00edfico evaluar\u00e1 las propuestas y\nnos pondremos en contacto con todas las personas que hayan enviado una\npropuesta a principios de septiembre.<\/p>\n\n\n\n<p>Estamos\ntrabajando en la web con m\u00e1s informaci\u00f3n y otras redes a marchas forzadas, pero\npodr\u00e9is contactar con nosotros para cualquier duda en ese mismo correo.<\/p>\n\n\n\n<p>Facebook:\nfacebook.com\/TAGIberico<\/p>\n\n\n\n<p>Twitter:\n@TAGIberico<\/p>\n\n\n\n<p>***<\/p>\n\n\n\n<p>Colegas,<\/p>\n\n\n\n<p>Ainda\nque tenhamos um longo caminho pela frente, hoje \u00e9 um dia feliz para a teoria\narqueol\u00f3gica em Espanha e Portugal. Porqu\u00ea? Entramos numa nova aventura da qual\nesperamos fa\u00e7as parte: o <strong>TAG Ib\u00e9rico<\/strong>.\n<\/p>\n\n\n\n<p>Agora\nque se cumprem os 40 anos do seu nascimento do que se foi estendendo a outras\nregi\u00f5es do mundo, consideramos que chegou o momento de come\u00e7ar. Por isso,\nconvocamos a primeira edi\u00e7\u00e3o do TAG Ib\u00e9rico a realizar entre os dias <strong>1 a 4 de fevereiro de 2018<\/strong> na cidade de\n<strong>Carmona, Sevilha (Espanha).<\/strong> Uma\ncidade pequena y acolhedora onde poderemos disfrutar de um encontro pr\u00f3ximo\npara debater teorias arqueol\u00f3gicas sem correrias e restri\u00e7\u00f5es.<\/p>\n\n\n\n<p>A\nfilosofia deste encontro \u00e9 simples: <strong>debate\ne proximidade<\/strong>. Mas tem tamb\u00e9m como objetivo aproximar a teoria arqueol\u00f3gica\na jovens que iniciam a sua carreira de investigador. Por esse motivo iremos,\nsempre que poss\u00edvel, tentar facilitar a assist\u00eancia do maior numero de pessoas\ncom pre\u00e7os acess\u00edveis e uma boa oferta de conte\u00fados. <\/p>\n\n\n\n<p>Para\nesta primeira missiva animo-vos a apresentar <strong>propostas de sess\u00e3o<\/strong>. Teremos espa\u00e7o para 6 sess\u00f5es nas quais\nesperemos haja fluidez e debate e por isso estabelecemos as seguintes normas: <\/p>\n\n\n\n<p><strong>Tipo de sess\u00e3o<\/strong>:<\/p>\n\n\n\n<p><em>Mesa redonda<\/em>: entre 4 a 6\nparticipantes, mais 1 moderador.<\/p>\n\n\n\n<p>Cada participante ter\u00e1 uma\napresenta\u00e7\u00e3o inicial de 6 minutos sobre o tema geral da sess\u00e3o. Depois, o\nmoderador ter\u00e1 tamb\u00e9m 6 minutos para fazer uma sinopsis do que foi dito pelos\nparticipantes e orientar\u00e1 o debate posterior, no qual poder\u00e1 participar tamb\u00e9m\na assist\u00eancia, sempre com interven\u00e7\u00f5es de no m\u00e1ximo 90 segundos. <\/p>\n\n\n\n<p><em>Sess\u00e3o col\u00f3quio<\/em>: com 4 participantes, mais\n1 moderador.<\/p>\n\n\n\n<p>S\u00e3o convidadas 4 pessoas\npara debater durante 60 minutos sobre uma tem\u00e1tica concreta. Ap\u00f3s esse per\u00edodo,\ndar-se-\u00e1 a palavra \u00e0 assist\u00eancia para participar no debate, sempre com\ninterven\u00e7\u00f5es com dura\u00e7\u00e3o m\u00e1xima de 90 segundos.<\/p>\n\n\n\n<p>Sess\u00e3o\npr\u00e9-circulada: m\u00ednimo de 5 participantes, sem limite, mais 1 moderador.<\/p>\n\n\n\n<p>Cada participante dever\u00e1\napresentar um texto de 3.000 palavras que ser\u00e1 distribu\u00eddo por todos os\nassistentes um m\u00eas antes do congresso. Durante a sess\u00e3o, o moderador far\u00e1 uma\napresenta\u00e7\u00e3o de 15 minutos para expor as principais linhas propostas pelos\nparticipantes e passar\u00e1 a uma ronda de debate no qual poder\u00e1 participar toda a\nsala, sempre com interven\u00e7\u00f5es de 2 minutos no m\u00e1ximo. <\/p>\n\n\n\n<p>*Al\u00e9m\ndisso, temos preparados outros eventos e surpresas ao longo desses dias. <\/p>\n\n\n\n<p><strong>Proposta<\/strong>:<\/p>\n\n\n\n<p>A\nproposta deve ter <strong>300 palavras<\/strong> no\nm\u00e1ximo e incluir\u00e1 a lista de poss\u00edveis participantes que tenham sido\ncontactados previamente, que cubram pelo menos 50% da sess\u00e3o. Deve ser enviado\nem formato Word para o e-mail: <a href=\"mailto:tagiberico@gmail.com\">tagiberico@gmail.com<\/a> antes do dia <strong>6 de agosto de 2017<\/strong>. O comit\u00e9 cient\u00edfico\navaliar\u00e1 as propostas e, a princ\u00edpios de setembro, entraremos em contacto com\ntodas as pessoas que tenham enviado proposta.<\/p>\n\n\n\n<p>Estamos\na trabalhar em for\u00e7a na nossa web e outras redes sociais para disponibilizar\nmais informa\u00e7\u00e3o sobre o encontro, mas podem entrar em contacto connosco para\nqualquer d\u00favida pelo mesmo contacto de e-mail.<\/p>\n\n\n\n<p>Facebook: facebook.com\/TAGIberico<\/p>\n\n\n\n<p>Twitter: @TAGIberico<\/p>\n","protected":false},"excerpt":{"rendered":"<p>[CERRADO &#8211; FECHADO] Colegas, Aunque a\u00fan queda mucho camino por delante hoy es un d\u00eda feliz para la teor\u00eda arqueol\u00f3gica&hellip;<\/p>\n","protected":false},"author":2,"featured_media":0,"parent":0,"menu_order":0,"comment_status":"closed","ping_status":"closed","template":"","meta":{"footnotes":""},"class_list":["post-99","page","type-page","status-publish","hentry"],"_links":{"self":[{"href":"https:\/\/tagiberico.org\/index.php?rest_route=\/wp\/v2\/pages\/99","targetHints":{"allow":["GET"]}}],"collection":[{"href":"https:\/\/tagiberico.org\/index.php?rest_route=\/wp\/v2\/pages"}],"about":[{"href":"https:\/\/tagiberico.org\/index.php?rest_route=\/wp\/v2\/types\/page"}],"author":[{"embeddable":true,"href":"https:\/\/tagiberico.org\/index.php?rest_route=\/wp\/v2\/users\/2"}],"replies":[{"embeddable":true,"href":"https:\/\/tagiberico.org\/index.php?rest_route=%2Fwp%2Fv2%2Fcomments&post=99"}],"version-history":[{"count":4,"href":"https:\/\/tagiberico.org\/index.php?rest_route=\/wp\/v2\/pages\/99\/revisions"}],"predecessor-version":[{"id":146,"href":"https:\/\/tagiberico.org\/index.php?rest_route=\/wp\/v2\/pages\/99\/revisions\/146"}],"wp:attachment":[{"href":"https:\/\/tagiberico.org\/index.php?rest_route=%2Fwp%2Fv2%2Fmedia&parent=99"}],"curies":[{"name":"wp","href":"https:\/\/api.w.org\/{rel}","templated":true}]}}