{"id":235,"date":"2023-12-19T17:53:55","date_gmt":"2023-12-19T17:53:55","guid":{"rendered":"https:\/\/tagiberico.org\/?page_id=235"},"modified":"2024-01-09T18:09:15","modified_gmt":"2024-01-09T18:09:15","slug":"tagi24-segovia","status":"publish","type":"page","link":"https:\/\/tagiberico.org\/?page_id=235","title":{"rendered":"TAGi24 Segovia"},"content":{"rendered":"\n<p>#TAGi24 SEGOVIA &#8211; 8-10 FEBRERO 2024<\/p>\n\n\n\n<p>Hace casi cuatro a\u00f1os desped\u00edamos el segundo TAG ib\u00e9rico en Lisboa al borde de una pandemia global que trastoc\u00f3 profundamente nuestras vidas. Hab\u00edamos programado para 2022 el tercer encuentro en Segovia, pero la incertidumbre del momento nos llev\u00f3 a cancelar los planes. Ya cansados de los eventos online, especialmente porque este encuentro solo tiene sentido en persona, decidimos no buscar una alternativa digital. El tiempo pas\u00f3, todo se aceler\u00f3 y no podemos dejar pasar otro a\u00f1o sin intentar reunirnos.<\/p>\n\n\n\n<p>#TAGi24 SEGOVIA &#8211; 8-10 FEVEREIRO 2024<\/p>\n\n\n\n<p>H\u00e1 quase quatro anos desped\u00edamos-nos, em Lisboa, do segundo TAG ib\u00e9rico, realizado em Lisboa, num contexto de uma pandemia global que afetou profundamente as nossas vidas. T\u00ednhamos programado o terceiro encontro em Seg\u00f3via para 2022, mas a incerteza do momento levou-nos a cancelar os planos. J\u00e1 cansados dos eventos online, especialmente porque este encontro s\u00f3 tem sentido de forma presencial, decidimos n\u00e3o optar por uma alternativa digital. O tempo passou, tudo acelerou, e n\u00e3o podemos deixar passar outro ano sem tentar de nos reunir. <\/p>\n\n\n<div class=\"wp-block-image\">\n<figure class=\"aligncenter size-large is-resized\"><img loading=\"lazy\" decoding=\"async\" width=\"1024\" height=\"768\" src=\"https:\/\/tagiberico.org\/wp-content\/uploads\/2023\/12\/IMG_8109-1024x768.jpeg\" alt=\"\" class=\"wp-image-229\" style=\"width:640px;height:auto\" srcset=\"https:\/\/tagiberico.org\/wp-content\/uploads\/2023\/12\/IMG_8109-1024x768.jpeg 1024w, https:\/\/tagiberico.org\/wp-content\/uploads\/2023\/12\/IMG_8109-300x225.jpeg 300w, https:\/\/tagiberico.org\/wp-content\/uploads\/2023\/12\/IMG_8109-768x576.jpeg 768w, https:\/\/tagiberico.org\/wp-content\/uploads\/2023\/12\/IMG_8109-1536x1152.jpeg 1536w, https:\/\/tagiberico.org\/wp-content\/uploads\/2023\/12\/IMG_8109-2048x1536.jpeg 2048w, https:\/\/tagiberico.org\/wp-content\/uploads\/2023\/12\/IMG_8109-1600x1200.jpeg 1600w\" sizes=\"auto, (max-width: 1024px) 100vw, 1024px\" \/><\/figure>\n<\/div>\n\n\n<p>Comit\u00e9 Organizador \/ Comiss\u00e3o Organizadora<\/p>\n\n\n\n<p>Alberto Polo Romero<br>Jaime Almansa S\u00e1nchez<\/p>\n\n\n\n<p>Secretariado<\/p>\n\n\n\n<p>Pedro A. Su\u00e1rez L\u00f3pez<\/p>\n\n\n\n<p>Comit\u00e9 Cient\u00edfico \/ Comiss\u00e3o Cient\u00edfica<\/p>\n\n\n\n<p>***<\/p>\n\n\n\n<p>Patrocinadores<\/p>\n\n\n\n<p>ArqueoURJC \/ JAS Arqueolog\u00eda \/ INCIPIT-CSIC \/ Diputaci\u00f3n de Segovia<\/p>\n","protected":false},"excerpt":{"rendered":"<p>#TAGi24 SEGOVIA &#8211; 8-10 FEBRERO 2024 Hace casi cuatro a\u00f1os desped\u00edamos el segundo TAG ib\u00e9rico en Lisboa al borde de&hellip;<\/p>\n","protected":false},"author":2,"featured_media":0,"parent":0,"menu_order":0,"comment_status":"closed","ping_status":"closed","template":"","meta":{"footnotes":""},"class_list":["post-235","page","type-page","status-publish","hentry"],"_links":{"self":[{"href":"https:\/\/tagiberico.org\/index.php?rest_route=\/wp\/v2\/pages\/235","targetHints":{"allow":["GET"]}}],"collection":[{"href":"https:\/\/tagiberico.org\/index.php?rest_route=\/wp\/v2\/pages"}],"about":[{"href":"https:\/\/tagiberico.org\/index.php?rest_route=\/wp\/v2\/types\/page"}],"author":[{"embeddable":true,"href":"https:\/\/tagiberico.org\/index.php?rest_route=\/wp\/v2\/users\/2"}],"replies":[{"embeddable":true,"href":"https:\/\/tagiberico.org\/index.php?rest_route=%2Fwp%2Fv2%2Fcomments&post=235"}],"version-history":[{"count":2,"href":"https:\/\/tagiberico.org\/index.php?rest_route=\/wp\/v2\/pages\/235\/revisions"}],"predecessor-version":[{"id":245,"href":"https:\/\/tagiberico.org\/index.php?rest_route=\/wp\/v2\/pages\/235\/revisions\/245"}],"wp:attachment":[{"href":"https:\/\/tagiberico.org\/index.php?rest_route=%2Fwp%2Fv2%2Fmedia&parent=235"}],"curies":[{"name":"wp","href":"https:\/\/api.w.org\/{rel}","templated":true}]}}