{"id":18,"date":"2018-03-02T12:56:50","date_gmt":"2018-03-02T12:56:50","guid":{"rendered":"https:\/\/tagiberico.org\/?page_id=18"},"modified":"2019-03-27T09:57:17","modified_gmt":"2019-03-27T09:57:17","slug":"about","status":"publish","type":"page","link":"https:\/\/tagiberico.org\/?page_id=18","title":{"rendered":"Sobre TAG"},"content":{"rendered":"<p>El Theoretical Archaeology Group (TAG) se celebra en Reino Unido desde 1977 y es el principal lugar de encuentro para la arqueolog\u00eda te\u00f3rica. De \u00e9l han derivado otras ediciones en Estados Unidos (desde 2008), en Escandinavia (desde 2009), Turqu\u00eda (desde 2013), Centroeuropa (desde 2015), Australia (desde 2016) y la Pen\u00ednsula Ib\u00e9rica desde 2018.<\/p>\n<p>http:\/\/antiquity.ac.uk\/antplus\/tag<\/p>\n<p>Hist\u00f3ricamente, la coordinaci\u00f3n general del evento est\u00e1 en la revista Antiquity, con Colin Renfrew y Tim Darvill a la cabeza, cediendo los \u2018derechos\u2019 a JAS Arqueolog\u00eda para organizar un TAG Ib\u00e9rico, cuya primera edici\u00f3n tuvo lugar en la ciudad de Carmona y que se pretende asentar como un lugar de encuentro y debate para todos los que nos dedicamos a la teor\u00eda arqueol\u00f3gica en Espa\u00f1a y Portugal.<\/p>\n<p>***<\/p>\n<p>O Theoretical Archaeology Group (TAG) \u00e9 realizado no Reino Unido desde 1977 e \u00e9 o principal ponto de encontro da arqueologia te\u00f3rica. Outras edi\u00e7\u00f5es derivam dele nos Estados Unidos (desde 2008), na Escandin\u00e1via (desde 2009), na Turquia (desde 2013), na Europa Central (desde 2015), na Austr\u00e1lia (desde 2016) e na Pen\u00ednsula Ib\u00e9rica desde 2018.<\/p>\n<p>http:\/\/antiquity.ac.uk\/antplus\/tag<\/p>\n<p>Historicamente, a coordena\u00e7\u00e3o geral do evento est\u00e1 na revista Antiquity, com Colin Renfrew e Tim Darvill \u00e0 frente, dando os &#8216;direitos&#8217; \u00e0 JAS Arqueolog\u00eda para organizar um TAG ib\u00e9rico, cuja primeira edi\u00e7\u00e3o ocorreu em a cidade de Carmona e que pretende instalar-se como um lugar de encontro e debate para todos n\u00f3s dedicados \u00e0 teoria arqueol\u00f3gica em Espanha e Portugal.<\/p>\n\n\n<div class=\"wp-block-image\"><figure class=\"aligncenter\"><img loading=\"lazy\" decoding=\"async\" width=\"768\" height=\"1024\" src=\"https:\/\/tagiberico.org\/wp-content\/uploads\/2019\/03\/djod5DKpTkOnqZpfj0ArsA-e1553678038164-768x1024.jpg\" alt=\"\" class=\"wp-image-79\" srcset=\"https:\/\/tagiberico.org\/wp-content\/uploads\/2019\/03\/djod5DKpTkOnqZpfj0ArsA-e1553678038164-768x1024.jpg 768w, https:\/\/tagiberico.org\/wp-content\/uploads\/2019\/03\/djod5DKpTkOnqZpfj0ArsA-e1553678038164-225x300.jpg 225w, https:\/\/tagiberico.org\/wp-content\/uploads\/2019\/03\/djod5DKpTkOnqZpfj0ArsA-e1553678038164-1600x2133.jpg 1600w\" sizes=\"auto, (max-width: 768px) 100vw, 768px\" \/><\/figure><\/div>\n","protected":false},"excerpt":{"rendered":"<p>El Theoretical Archaeology Group (TAG) se celebra en Reino Unido desde 1977 y es el principal lugar de encuentro para&hellip;<\/p>\n","protected":false},"author":2,"featured_media":0,"parent":0,"menu_order":0,"comment_status":"closed","ping_status":"closed","template":"","meta":{"footnotes":""},"class_list":["post-18","page","type-page","status-publish","hentry"],"_links":{"self":[{"href":"https:\/\/tagiberico.org\/index.php?rest_route=\/wp\/v2\/pages\/18","targetHints":{"allow":["GET"]}}],"collection":[{"href":"https:\/\/tagiberico.org\/index.php?rest_route=\/wp\/v2\/pages"}],"about":[{"href":"https:\/\/tagiberico.org\/index.php?rest_route=\/wp\/v2\/types\/page"}],"author":[{"embeddable":true,"href":"https:\/\/tagiberico.org\/index.php?rest_route=\/wp\/v2\/users\/2"}],"replies":[{"embeddable":true,"href":"https:\/\/tagiberico.org\/index.php?rest_route=%2Fwp%2Fv2%2Fcomments&post=18"}],"version-history":[{"count":7,"href":"https:\/\/tagiberico.org\/index.php?rest_route=\/wp\/v2\/pages\/18\/revisions"}],"predecessor-version":[{"id":110,"href":"https:\/\/tagiberico.org\/index.php?rest_route=\/wp\/v2\/pages\/18\/revisions\/110"}],"wp:attachment":[{"href":"https:\/\/tagiberico.org\/index.php?rest_route=%2Fwp%2Fv2%2Fmedia&parent=18"}],"curies":[{"name":"wp","href":"https:\/\/api.w.org\/{rel}","templated":true}]}}